the prime factors of q(9).
31
Suppose -1 = -2*k + 15. Let d = k - 8. Suppose 3*j - 6*j + 39 = d. List the prime factors of j.
13
Suppose 2 - 10 = -4*f. Let z(v) = f*v**2 + 4*v**2 + 9 - 8. What are the prime factors of z(2)?
5
Let o(c) = -15*c - 80. Let l be o(-6). Let s(r) = r**3 - 8*r**2 + 6*r - 8. What are the prime factors of s(l)?
2, 3, 7
Suppose 3*v = 6*v. Suppose -p - 4*a + 4 + 17 = 0, -2*a + 4 = v. List the prime factors of p.
13
Suppose -11*p + 19*p = -512. What are the prime factors of (-8656)/p - 2/8?
3, 5
Let j = -28 + 33. What are the prime factors of (15/12)/(j/60)?
3, 5
What are the prime factors of (-3 - (-68)/20)/(7/32200)?
2, 5, 23
Suppose i + 1095 = -5*b + 9182, -3*i - 6462 = -4*b. What are the prime factors of b?
3, 7, 11
Let b be (-1)/(-2) + -13*(-344)/16. Let n = b + -162. List the prime factors of n.
2, 59
Let q = -284 + 1089. List the prime factors of q.
5, 7, 23
Let v = 12 + -7. Let i(o) = -o**2 - 6*o + 55. Let m be i(-11). Suppose -v*g - 15 + 100 = m. What are the prime factors of g?
17
Let n = 26 + -24. Let g(a) = -3*a**3 + 2*a**2 - a + 3. Let k be g(n). Let f(r) = -3*r + 17. List the prime factors of f(k).
2, 31
Let h(c) = 4*c**3 + 89*c**2 - 3*c + 27. List the prime factors of h(-21).
3, 5, 17
Let n = 6 - 3. Suppose 3*q - 15 = -n. Suppose 9 + 18 = b - 5*h, q*h = b - 26. List the prime factors of b.
2, 11
Let q be (252/24)/(1/2). What are the prime factors of 7/q + (-1518)/(-9)?
13
Let m(d) = -9*d. Let v be m(-10). Let b = -53 + v. List the prime factors of b.
37
Let t be 37/(-1) - (-1 + 4). Let g be 8/(-10) + (-3192)/t. Let q = g - 35. List the prime factors of q.
2, 11
Suppose 304 = j - 5*j. Let s = j - -164. What are the prime factors of s?
2, 11
Let k = 5722 + -2452. What are the prime factors of k?
2, 3, 5, 109
Let w = -3 - 0. Let i(f) = 7*f**2 + 18*f + 10. Let d be i(-4). Let a = w + d. List the prime factors of a.
47
Suppose 11*n = 16*n + 30. Let t = 26 - 10. List the prime factors of t/n*663/(-52).
2, 17
Suppose v - 10645 = -5*j, -4*j + 3*v = 7*v - 8532. What are the prime factors of j?
2, 7, 19
Let o be 102/(9/2 - 5). Let t = o + 312. List the prime factors of t.
2, 3
Let i(n) = n**3 + 6*n**2 - 8*n - 1. Let s be i(-7). Suppose -4*r + s = 4*h - 7*r, 2*h + 3*r = 12. Suppose -55 = -h*d - 13. List the prime factors of d.
2, 7
Let b = -26 - -62. Let r = b - 33. Suppose -4*l + 204 = n, -r*l + 4*n - n + 168 = 0. What are the prime factors of l?
2, 13
Let r(d) = -d**3 + 6*d**2 + 4*d - 5. Suppose 3 = t - 2. Let q be r(t). Suppose -2*z = -z - 2*m - 10, 0 = 5*z - 5*m - q. What are the prime factors of z?
2, 3
Let b(d) = -d**3 - 3*d**2 + 2*d + 2. Let r be b(-3). Let v be (-1)/((-18)/4 - r). Suppose -v*z + 63 - 9 = 4*n, 25 = 5*z. What are the prime factors of n?
11
Let o(r) = 5*r - 37. Let b be o(15). Suppose b*g = 44*g - 12. List the prime factors of g.
2
Let g(h) = 13*h**2 + 14*h + 38. Let d be g(-5). Suppose d = 5*r + 5*l - 627, 9 = 3*l. List the prime factors of r.
181
Let h(v) = v**3 + 3*v**2 + v + 3. Let s be h(-3). Let m = 44 - 41. Suppose m*b - 5 - 7 = s. What are the prime factors of b?
2
Suppose 0 = 9*g - 195 - 18516. List the prime factors of g.
3, 7, 11
Suppose -4*u - 853 = -249. Let g = u - -96. List the prime factors of 6/33 - 1530/g.
2, 7
Suppose -10*h + 12*h - 5*g - 3199 = 0, 2*g - 6410 = -4*h. List the prime factors of h.
2, 3, 89
Let d = -33 + 219. What are the prime factors of d?
2, 3, 31
Let h(i) = 3*i + 20. Let q be h(-6). List the prime factors of q + (-3)/(-3) - -13.
2
Let v be (-14)/3*6/4. Let q = -6 - v. What are the prime factors of ((-4)/10)/(q/(-70))?
2, 7
Suppose 18*x - 4160 = 5524. List the prime factors of x.
2, 269
Suppose 0 = 15*y - 7*y - 1488. List the prime factors of y.
2, 3, 31
Let m = -1617 - -1647. List the prime factors of m.
2, 3, 5
Suppose 10*w - g - 3251 = 5*w, -4*g = 4. What are the prime factors of w?
2, 5, 13
Let g = 908 + 8. Let q = g - 578. What are the prime factors of q?
2, 13
Let j = -11 - -12. Let v be (-4)/14 + 4/14. What are the prime factors of 54/3 + v + j?
19
Let m(w) = 24*w**2 - 6*w - 4. List the prime factors of m(4).
2, 89
Let g(c) = -c**2 - 12*c + 10. Let z be g(-6). Let y = -13 + z. List the prime factors of y.
3, 11
Suppose -t + 6*t = -75. Let g be 36/(-10)*t/(-6). Let j = 56 + g. What are the prime factors of j?
47
Let v be (1*1/(-3) - -1)*24. Suppose -v*j + 456 = -4*j. What are the prime factors of j?
2, 19
Let z(a) = 2*a + 6. Let f(p) = -2*p - 5. Let v(q) = 2*q + 5. Let k(j) = -2*f(j) - 3*v(j). Let w(n) = 5*k(n) + 4*z(n). What are the prime factors of w(-6)?
11
What are the prime factors of -3 - (-1 - (32 - -3) - 4)?
37
Let c = -650 - -1088. What are the prime factors of c?
2, 3, 73
Let f = -15 + 17. Suppose 5*x - 12 = -f. Suppose 3*z - x*z - 10 = 0. List the prime factors of z.
2, 5
Let x = 38 - 47. List the prime factors of x/(36/(-688)) + -2.
2, 5, 17
Suppose 0 = 5*u - 4*x - 121, -5*u = 2*x - 51 - 76. Suppose -a + u = 4*a. Suppose -3*d + 2 = -10, 130 = a*r + 5*d. List the prime factors of r.
2, 11
Suppose 5*w - 12 = j, -3*j + 7*w = 3*w + 3. Suppose -j*s = -4 + 13. Let p(d) = d**2 - 3*d - 3. What are the prime factors of p(s)?
3, 5
Let x be (-7 + 6)/((-1)/7). Let w = x + -5. Suppose -3*y + 5*a = -2*y - w, 3*y = 2*a + 6. What are the prime factors of y?
2
Let x = 22 - 10. Let d = -11 + x. Suppose -2*w + d + 3 = 0. List the prime factors of w.
2
Let k = -14 + 16. Let h(u) = -k*u - 3 + 16*u + 0 - u. What are the prime factors of h(3)?
2, 3
Suppose 0 = -2*a + 8, -3*a = 3*t - 7*t + 1356. List the prime factors of t/8 - (-3)/12.
43
Let q(a) = a**2 - 65*a + 74. What are the prime factors of q(0)?
2, 37
Let j(k) = 23*k**2 + 0*k + k - 15*k**2. What are the prime factors of j(1)?
3
Suppose 0*g - 3*h = g + 7, -h + 6 = 2*g. Suppose 0 = -g*p - 10, r + r - 3*p = 136. List the prime factors of r.
5, 13
Let d = 68 + -83. Let s = 48 - 86. Let z = d - s. What are the prime factors of z?
23
Suppose -7*h + 4*x = -5*h - 914, 0 = 2*h + 2*x - 932. List the prime factors of h.
463
Let a(j) = -4*j**2 - 2*j - 3. Let n(p) = 5*p**2 - 4*p**2 - 40 + 41. Let t(y) = a(y) + 6*n(y). List the prime factors of t(5).
43
Let p(q) = 75*q. Let d = 11 - 10. List the prime factors of p(d).
3, 5
Let l(s) = 23*s + 56. List the prime factors of l(26).
2, 3, 109
Let r(p) = -p**2 + 2*p - 1. Let s be r(5). Let a = 16 + s. Suppose -4*t + a*g = 2*g - 100, 5*t - 4*g - 138 = 0. What are the prime factors of t?
2, 13
Let n = 13 + -18. Let x be (20/6)/(n/(-135)). Let u = -59 + x. What are the prime factors of u?
31
Let m(l) = -l**3 + 2*l. Let q be m(0). Suppose -4*g + 5*p + 91 + 414 = q, 4*p = -5*g + 580. List the prime factors of g.
2, 3, 5
Let u = -430 + 259. Let x = -96 - u. What are the prime factors of x?
3, 5
Suppose -46*b + 44*b + 1962 = 0. List the prime factors of b.
3, 109
Suppose -7*p + 2*p + 352 = -4*t, -4*p + 278 = -5*t. Suppose -4*v = -0*v + p. Let k = 25 + v. List the prime factors of k.
7
Let y(k) = -11*k - 20. Let c be y(-2). Suppose 4*d = -6*z + 3*z + 136, z = d + 43. Suppose z = c*b - 6. What are the prime factors of b?
5
Suppose 0*h + 6902 = 7*h. What are the prime factors of h?
2, 17, 29
Let s be (1 + 3)*-1 - 8/(-4). List the prime factors of (800/112)/(s/(-14)).
2, 5
Let l = 10 + -14. Let d(s) = -5*s + 9. What are the prime factors of d(l)?
29
Suppose -2*f + r - 97 = 2*f, -2*r - 81 = 3*f. Let v be 70/f*(-2 - 3). What are the prime factors of (-438)/(-14) - 4/v?
31
Suppose -15 + 3 = -3*l. Let y(t) = -34*t**3 - t**2 + 4. Let s be y(-2). Suppose -i + 176 = 2*i + l*f, -s = -5*i + 4*f. List the prime factors of i.
2, 7
Suppose -7*x + 1822 - 653 = 0. List the prime factors of x.
167
Suppose -8*n + 4*n + 16 = 0. Suppose -2*j = 5*g - j - 142, 4*g + n*j = 120. What are the prime factors of g?
2, 7
Suppose 6*b + 91 + 23 = 0. Let k = b - -75. What are the prime factors of k?
2, 7
Suppose -10*j + 14*j - 88 = 0. Let c = 50 + j. What are the prime factors of c?
2, 3
Let h(b) = 3*b**3 + 6*b**2 + 12*b - 14. What are the prime factors of h(5)?
571
Let k = 3433 - 2283. What are the prime factors of k?
2, 5, 23
Let n(t) be the third derivative of t**5/15 + 5*t**4/8 + t**3 + 27*t**2. List the prime factors of n(-5).
31
Let v be 0 - 2*(0 + -2). Suppose 0 = -4*j - 2*l + 3*l + 61, 3*l + 63 = v*j. Suppose